ivide 42367?
False
Is 27200 a multiple of 20?
True
Does 69 divide 2658303?
False
Is 1421094 a multiple of 717?
True
Does 202 divide 6486896?
False
Is 1342671 a multiple of 69?
True
Is 3239 a multiple of 8?
False
Is 3 a factor of 276034?
False
Does 493 divide 1004734?
True
Is 256 a factor of 381952?
True
Does 1199 divide 10040426?
True
Is 1388172 a multiple of 4?
True
Is 119 a factor of 932843?
False
Is 59 a factor of 1522960?
False
Is 15 a factor of 156210?
True
Is 15 a factor of 76455?
True
Is 33 a factor of 275479?
False
Does 12 divide 2561892?
True
Does 45 divide 705870?
True
Does 176 divide 165088?
True
Is 133708 a multiple of 2?
True
Does 179 divide 66093?
False
Is 2335272 a multiple of 12?
True
Does 15 divide 144877?
False
Is 15 a factor of 729705?
True
Is 454 a factor of 9955439?
False
Is 5249609 a multiple of 55?
False
Does 4 divide 1953516?
True
Is 49 a factor of 1775172?
True
Is 1749468 a multiple of 354?
True
Is 2 a factor of 5255?
False
Is 125280 a multiple of 1160?
True
Is 1151312 a multiple of 3?
False
Does 17 divide 1834419?
True
Is 99846 a multiple of 18?
True
Does 20 divide 78820?
True
Is 63120 a multiple of 24?
True
Does 1678 divide 1312196?
True
Does 286 divide 104075?
False
Does 338 divide 1837540?
False
Is 12 a factor of 26081?
False
Is 350 a factor of 437850?
True
Does 80 divide 658720?
True
Is 710706 a multiple of 186?
True
Does 25 divide 190899?
False
Is 3026478 a multiple of 13?
True
Is 3383919 a multiple of 77?
True
Is 73700 a multiple of 550?
True
Does 69 divide 70677?
False
Is 568920 a multiple of 60?
True
Is 524165 a multiple of 308?
False
Does 601 divide 343370?
False
Is 2947134 a multiple of 258?
True
Does 213 divide 5732043?
True
Is 19 a factor of 263530?
True
Does 16 divide 1376864?
True
Is 31 a factor of 1040906?
False
Does 11 divide 3536533?
True
Is 36 a factor of 2949300?
True
Is 231 a factor of 177408?
True
Is 2182620 a multiple of 51?
False
Does 26 divide 8071160?
False
Is 449 a factor of 48043?
True
Is 296 a factor of 489321?
False
Is 25938 a multiple of 262?
True
Is 333 a factor of 41295?
False
Does 351 divide 91361?
False
Is 14 a factor of 990290?
True
Does 52 divide 3314168?
True
Is 28 a factor of 406069?
False
Is 1023483 a multiple of 100?
False
Does 20 divide 156771?
False
Is 68 a factor of 224740?
True
Is 18879094 a multiple of 26?
True
Is 2 a factor of 38667?
False
Is 12 a factor of 7761576?
True
Does 39 divide 206626?
False
Is 513733 a multiple of 12?
False
Is 89 a factor of 4179885?
True
Is 5311404 a multiple of 882?
True
Does 18 divide 2421520?
False
Is 1623 a factor of 529975?
False
Does 101 divide 41410?
True
Is 3150011 a multiple of 380?
False
Is 487865 a multiple of 154?
False
Is 63 a factor of 53337?
False
Is 100 a factor of 176600?
True
Does 49 divide 915369?
True
Is 536 a factor of 2318736?
True
Is 591 a factor of 968649?
True
Is 46 a factor of 1618832?
True
Does 672 divide 1056723?
False
Does 36 divide 129600?
True
Is 28652 a multiple of 247?
True
Is 208824 a multiple of 231?
True
Is 36 a factor of 4873965?
False
Is 70 a factor of 39410?
True
Is 12 a factor of 6278388?
True
Does 47 divide 8624602?
False
Is 78 a factor of 151008?
True
Does 12 divide 1007398?
False
Is 61490 a multiple of 22?
True
Is 94092 a multiple of 36?
False
Is 12 a factor of 147396?
True
Is 13 a factor of 28782?
True
Is 189 a factor of 679077?
True
Is 47 a factor of 70367?
False
Does 580 divide 1948967?
False
Is 522288 a multiple of 9?
True
Is 92379 a multiple of 5?
False
Does 96 divide 1779789?
False
Does 45 divide 14713422?
False
Is 60 a factor of 2166120?
True
Is 11 a factor of 52008?
True
Is 344 a factor of 4964278?
False
Is 59 a factor of 217710?
True
Is 5643080 a multiple of 355?
True
Is 9849677 a multiple of 1325?
False
Is 256553 a multiple of 16?
False
Does 173 divide 490168?
False
Is 21 a factor of 472175?
False
Is 14 a factor of 257810?
True
Does 13 divide 727662?
True
Is 45248 a multiple of 56?
True
Is 56 a factor of 58949?
False
Does 87 divide 522476?
False
Is 224460 a multiple of 516?
True
Does 4 divide 26956?
True
Is 13 a factor of 1107220?
False
Is 1926100 a multiple of 4?
True
Is 9 a factor of 357348?
False
Is 13 a factor of 5007223?
True
Is 1094282 a multiple of 40?
False
Does 19 divide 275054?
False
Is 347008 a multiple of 31?
False
Does 14 divide 78003?
False
Is 56442 a multiple of 43?
False
Does 9 divide 9147024?
True
Is 8576 a multiple of 7?
False
Does 41 divide 1201177?
True
Does 14 divide 31076?
False
Is 922115 a multiple of 12?
False
Is 5595922 a multiple of 118?
False
Is 544323 a multiple of 114?
False
Does 613 divide 1025534?
False
Does 86 divide 12040?
True
Is 7 a factor of 60851?
True
Is 479 a factor of 312445?
False
Is 27 a factor of 327537?
True
Is 84 a factor of 356868?
False
Does 13 divide 440297?
True
Is 15 a factor of 2732110?
False
Is 48 a factor of 238515?
False
Is 4836590 a multiple of 34?
False
Does 13 divide 534707?
False
Is 50 a factor of 6922105?
False
Is 18 a factor of 177148?
False
Does 25 divide 528293?
False
Is 476 a factor of 1698368?
True
Is 7909119 a multiple of 10?
False
Is 45 a factor of 550295?
False
Does 197 divide 344750?
True
Is 18 a factor of 17724150?
True
Does 70 divide 153274?
False
Is 392789 a multiple of 29?
False
Is 351 a factor of 191742?
False
Is 4472160 a multiple of 462?
True
Is 20 a factor of 14614440?
True
Is 1635560 a multiple of 40?
True
Is 3248461 a multiple of 12?
False
Is 10 a factor of 133610?
True
Does 697 divide 1699286?
True
Is 350 a factor of 4649025?
False
Is 965700 a multiple of 45?
True
Is 16 a factor of 323311?
False
Is 459396 a multiple of 28?
True
Is 53 a factor of 7807275?
False
Is 34 a factor of 182784?
True
Does 14 divide 5957795?
False
Is 232236 a multiple of 2?
True
Does 106 divide 552238?
False
Is 463885 a multiple of 257?
True
Is 198 a factor of 4259126?
False
Is 1435760 a multiple of 1310?
True
Is 104 a factor of 726097?
False
Does 3 divide 697042?
False
Is 275 a factor of 14455455?
False
Is 3105735 a multiple of 196?
False
Is 470584 a multiple of 2?
True
Is 67798 even?
True
Is 1679546 a multiple of 23?
False
Does 33 divide 64548?
True
Does 6 divide 21974?
False
Is 101 a factor of 5783866?
True
Does 7 divide 1534943?
False
Is 76518 a multiple of 18?
True
Is 15 a factor of 6910673?
False
Is 15 a factor of 428580?
True
Is 443041 a multiple of 5?
False
Is 914943 a multiple of 5?
False
Does 54 divide 78494?
False
Does 28 divide 2410962?
False
Does 94 divide 165628?
True
Is 43 a factor of 76497?
True
Is 487910 a multiple of 5?
True
Is 95394 a multiple of 9?
False
Is 51243 a multiple of 128?
False
Is 9990326 a multiple of 120?
False
Is 259048 a multiple of 96?
False
Does 25 divide 2691825?
True
Does 133 divide 81464?
False
Is 61787 a multiple of 41?
True
Is 16 a factor of 1334368?
True
Is 1931886 a multiple of 121?
True
Is 28 a factor of 126473?
False
Does 72 divide 24840?
True
Is 508714 a multiple of 21?
False
Does 356 divide 457901?
False
Does 197 divide 2448517?
False
Does 177 divide 368810?
False
Is 9 a factor of 1477053?
True
Does 175 divide 1508500?
True
Is 192402 a multiple of 6?
True
Is 12 a factor of 6463730?
False
Is 124 a factor of 87296?
True
Does 27 divide 4166695?
False
Is 484 a multiple of 5?
False
Is 263579 a multiple of 100?
False
Is 586190 a multiple of 146?
True
Is 268600 a multiple of 125?
False
Is 60 a factor of 105424?
False
Does 2 divide 756709?
False
Does 504 divide 25888968?
True
Does 11 divide 10894626?
False
Does 21 divide 1843569?
True
Is 4 a factor of 494720?
True
Does 1789 divide 14360117?
False
Is 23 a factor of 1585321?
True
Is 620263 a multiple of 818?
False
Is 7 a factor of 631223?
False
Does 5 divide 268653?
False
Is 3 a factor of 143508?
True
Does 12 divide 7847364?
True
Does 6 divide 319764?
True
Is 52 a factor of 223968?
False
Is 17 a factor of 96934?
True
Is 7 a factor of 74323?
False
Is 43 a factor of 9546?
True
Is 4 a factor of 44168?
True
Is 397292 a multiple of 14?
True
Does 15 divide 508719?
False
Is 28196 a multiple of 19?
True
Is 768576 a multiple of 12?
True
Is 114 a factor of 2663382?
True
Is 71286 a multiple of 218?
True
Is 133 a factor of 19411?
False
Is 424678 a multiple of 41?
True
Does 100 divide 810013?
False
Is 843 a factor of 612861?
True
Does 3 divide 1089000?
True
Does 35 